{"id":4430,"date":"2024-11-22T09:53:00","date_gmt":"2024-11-22T08:53:00","guid":{"rendered":"http:\/\/inzynieria-motocyklowa.pl\/?post_type=product&#038;p=4430"},"modified":"2024-11-30T13:32:11","modified_gmt":"2024-11-30T12:32:11","slug":"gasienice-plozy-do-quadow-125","status":"publish","type":"product","link":"http:\/\/inzynieria-motocyklowa.pl\/?product=gasienice-plozy-do-quadow-125","title":{"rendered":"G\u0105sienice p\u0142ozy do quad\u00f3w 125"},"content":{"rendered":"<p><u><span style=\"font-size: large;\"><b>ZESTAW\u00a0<wbr \/>DOST\u0118<wbr \/>PNY\u00a0<wbr \/>W\u00a0<wbr \/>CI\u0104<wbr \/>G\u0141<wbr \/>EJ\u00a0<wbr \/>SPRZEDA\u017b<wbr \/>Y<wbr \/><\/b><\/span><\/u><\/p>\n<p><wbr \/><b>Komplet g\u0105sienic i p\u0142ozy do azjatyckich quad\u00f3w 125.<br \/>\nPO <wbr \/>PRZE\u0141<wbr \/>O\u017b<wbr \/>ENIU\u00a0<wbr \/>QUAD\u00a0<wbr \/>WYGL\u0104<wbr \/>DA\u00a0<wbr \/>JAK\u00a0<wbr \/>SKUTER \u015a<wbr \/>NIE\u017b<wbr \/>NY<br \/>\n<\/b>W celu zakupu prosimy upewni\u0107 si\u0119 o dost\u0119pno\u015bci.<\/p>\n","protected":false},"excerpt":{"rendered":"<p>ZESTAW\u00a0DOST\u0118PNY\u00a0W\u00a0CI\u0104G\u0141EJ\u00a0SPRZEDA\u017bY Komplet g\u0105sienic i p\u0142ozy do azjatyckich quad\u00f3w 125. PO PRZE\u0141O\u017bENIU\u00a0QUAD\u00a0WYGL\u0104DA\u00a0JAK\u00a0SKUTER \u015aNIE\u017bNY W celu zakupu prosimy upewni\u0107 si\u0119 o dost\u0119pno\u015bci.<\/p>\n","protected":false},"featured_media":4431,"comment_status":"open","ping_status":"closed","template":"","meta":[],"product_brand":[],"product_cat":[29,49],"product_tag":[],"class_list":{"0":"post-4430","1":"product","2":"type-product","3":"status-publish","4":"has-post-thumbnail","6":"product_cat-akcesoria","7":"product_cat-pojazd","9":"first","10":"instock","11":"taxable","12":"shipping-taxable","13":"purchasable","14":"product-type-simple"},"jetpack_sharing_enabled":true,"_links":{"self":[{"href":"http:\/\/inzynieria-motocyklowa.pl\/index.php?rest_route=\/wp\/v2\/product\/4430","targetHints":{"allow":["GET"]}}],"collection":[{"href":"http:\/\/inzynieria-motocyklowa.pl\/index.php?rest_route=\/wp\/v2\/product"}],"about":[{"href":"http:\/\/inzynieria-motocyklowa.pl\/index.php?rest_route=\/wp\/v2\/types\/product"}],"replies":[{"embeddable":true,"href":"http:\/\/inzynieria-motocyklowa.pl\/index.php?rest_route=%2Fwp%2Fv2%2Fcomments&post=4430"}],"wp:featuredmedia":[{"embeddable":true,"href":"http:\/\/inzynieria-motocyklowa.pl\/index.php?rest_route=\/wp\/v2\/media\/4431"}],"wp:attachment":[{"href":"http:\/\/inzynieria-motocyklowa.pl\/index.php?rest_route=%2Fwp%2Fv2%2Fmedia&parent=4430"}],"wp:term":[{"taxonomy":"product_brand","embeddable":true,"href":"http:\/\/inzynieria-motocyklowa.pl\/index.php?rest_route=%2Fwp%2Fv2%2Fproduct_brand&post=4430"},{"taxonomy":"product_cat","embeddable":true,"href":"http:\/\/inzynieria-motocyklowa.pl\/index.php?rest_route=%2Fwp%2Fv2%2Fproduct_cat&post=4430"},{"taxonomy":"product_tag","embeddable":true,"href":"http:\/\/inzynieria-motocyklowa.pl\/index.php?rest_route=%2Fwp%2Fv2%2Fproduct_tag&post=4430"}],"curies":[{"name":"wp","href":"https:\/\/api.w.org\/{rel}","templated":true}]}}